 factors of r.
23
Suppose 5*h + 4*m - 318 = 638, 5*h - 944 = -m. Suppose 8*v - 156 - h = 0. What are the prime factors of v?
43
Let z = -7 + 25. Suppose 3*m + 0*m = z. Suppose 0 = -3*o - l + 51, 5*o + m*l = 5*l + 85. List the prime factors of o.
17
Suppose 131 = 5*v + 4*g, v + 0*g = g + 19. Suppose 27*f = 10*f + 34. Suppose 3 = a + f*a, 3*a = -h + v. What are the prime factors of h?
2, 5
Let p(k) = -k**3 - 5*k**2 - 4*k + 4. Let n be p(-4). List the prime factors of (-2)/(n/57)*-2.
3, 19
Suppose 9140 = 16*i - 8828. List the prime factors of i.
1123
Let j = -380 + 649. Suppose j*r - 310 = 267*r. What are the prime factors of r?
5, 31
Let q(n) be the first derivative of -n**4/4 + n**3 + 2*n + 27. List the prime factors of q(2).
2, 3
Let j = 530 + -418. What are the prime factors of j?
2, 7
Suppose -135954 = -34*y - 57*y. What are the prime factors of y?
2, 3, 83
Let k(n) = n**2 - n - 14. Let t be k(0). Let r be ((-69)/138)/(2/76). Let y = t - r. List the prime factors of y.
5
Let f(x) = 3*x**2 - 55*x + 34. What are the prime factors of f(-12)?
2, 563
Let m = 64 - 65. What are the prime factors of 43 + (-4)/(-3 - m)?
3, 5
Let g(p) = -61*p - 6. Let m(d) = -30*d - 3. Let r(y) = 4*g(y) - 7*m(y). List the prime factors of r(-2).
5, 13
Let x = -5289 + 8720. List the prime factors of x.
47, 73
Let z(g) = 2*g**2 + 49*g + 28. Let i be z(-24). Suppose -4*k = -6*k + 36. Let r = k - i. What are the prime factors of r?
2, 7
Let l(s) be the second derivative of s + 0 - 6*s**2 + 5/6*s**3. What are the prime factors of l(5)?
13
Suppose 0 = 3*q - 4 - 2. Suppose 5*w = -2*h + 62, -2*h + q*w + 97 = 3*h. List the prime factors of h.
3, 7
Let c be (-6 - 0)*(3/2 - -1). Suppose -3*v + 53 - 19 = -w, 30 = -w + v. Let a = c - w. List the prime factors of a.
13
Let r(g) = 2*g + 13. Let s be r(-6). Suppose 0 = -4*p + 4*h + 456, 2 - s = h. What are the prime factors of p?
5, 23
Suppose 0 = 4*v - 5*a - 67, -6*a + 4 = -2*a. Let w be ((-18)/3)/(v/(-48)). What are the prime factors of w - (-2 + -1 - -1)?
2, 3
Let k be (3 - (-36)/(-14)) + 690/7. Suppose 0 = -2*f - 3*r + k, -164 = -5*f - r + 64. What are the prime factors of f?
3, 5
Let m(r) = -3*r + 3*r + 9 + 2 + 3*r. Let c be m(-5). Let s = 6 + c. What are the prime factors of s?
2
Let v be (-6 - (-5 - -2)) + 498 + -3. Suppose 0*d = -n + d + 98, 0 = 5*n - 4*d - v. What are the prime factors of n?
2, 5
Let m = -14 - -17. Suppose -m*i = -2*i. Suppose i = -2*j - j + 18. What are the prime factors of j?
2, 3
Suppose 14*r = 12710 + 30. List the prime factors of r.
2, 5, 7, 13
What are the prime factors of 1249 + (16 - 8) + -14?
11, 113
Suppose -772 - 648 = -4*w. What are the prime factors of w?
5, 71
Suppose 4*m - 2*f - 16 = 0, -5*m + 0*f + 20 = -4*f. Let u be (m/3)/((-1)/(-3)). Suppose -u*i + 75 = -i. List the prime factors of i.
5
Suppose 2*l - 7*l = -40. Suppose 5*d - 885 = j, -l*j + 3*j = -25. List the prime factors of d.
2, 89
Suppose -4*w - 3*u + 9889 = -1784, -3*u = 2*w - 5829. List the prime factors of w.
2, 3, 487
Suppose q + 12*m - 974 = 7*m, -q + 3*m + 974 = 0. What are the prime factors of q?
2, 487
Let n = -18 + 24. Let y = n + -3. Suppose 2*h - 121 = -5*b, -3*b + y*h = 11 - 92. What are the prime factors of b?
5
Let x be 7/7 - (-3)/1. Suppose 0 = x*o - 194 + 2. List the prime factors of o.
2, 3
What are the prime factors of (0 - 1)/(9/13905*-5)?
3, 103
Let l = 313 + -167. Let j = 272 - l. What are the prime factors of j?
2, 3, 7
What are the prime factors of 3353/21 - 8/(-6)?
7, 23
Suppose -2*b + v - 541 = -2*v, 0 = -3*b + 2*v - 819. What are the prime factors of 21/(-42)*(-1 + -1) - b?
2, 3, 23
Let a = 25 + -27. Let l(n) = 46*n**2 - n + 1. What are the prime factors of l(a)?
11, 17
Let t(v) = -3*v**3 - v**2 + 3*v + 3. Let y(k) = k**3 + 10*k**2 + 9*k + 5. Let q be y(-9). Suppose 3*z + 7 = -q*i, 2*z = i + 4*z. List the prime factors of t(i).
17
Suppose -5*z + 295 = -170. Let k = 163 - z. What are the prime factors of -1*k/((-2)/1)?
5, 7
Suppose -22*p + 20*p = -28. Let w = 11 - p. List the prime factors of (-8)/(-12) + (-100)/w.
2, 17
Let a(r) = -r**2 - 9*r - 7. Let y be a(-8). Let j = y - 1. Suppose j = p + i - 9 - 2, p = -4*i + 11. What are the prime factors of p?
11
Let d be (3/((-6)/(-92)))/2. Suppose 5*t = d + 17. Let o = 31 - t. List the prime factors of o.
23
Let r(h) = 7*h + 24. Let a(y) = -3*y - 12. Let c(j) = -5*a(j) - 2*r(j). Let t be c(-8). Suppose u = 0, -261 = -t*w - u - 93. What are the prime factors of w?
2, 3, 7
Let x(c) = 2*c - 3. Let v be x(4). Suppose -5*l = 3*u + 5, 0 = -5*l + u + 10 + v. List the prime factors of (-100 - 0)*l/(-5).
2, 5
Let k(y) = 2*y**3 - 3*y**3 - y**2 + 0*y**3 - 2*y + 5*y**2. Let f be k(3). Let w(z) = 2*z**2 + 2*z + 1. List the prime factors of w(f).
5
Let d = 169 - 178. Let a(k) = -5*k**2 + 18*k + 7. Let u(l) = -l**2 + 1. Let j(v) = -a(v) + 6*u(v). List the prime factors of j(d).
2, 5
Let d(n) = n**3 - 24*n**2 - 48*n + 57. What are the prime factors of d(26)?
7, 23
Let y(n) = -n**2 - 9*n - 9. Let b be y(-7). Suppose -b*u + 176 = -159. List the prime factors of u.
67
Let v(a) = 16*a + 2. Let y be v(3). Let u(j) = j**3 - 7*j**2 - 15*j + 25. Let l be u(8). Let m = y + l. What are the prime factors of m?
19
Let p(z) = 2*z - 20. Let j be p(10). List the prime factors of (1 - 2)*(j - 37).
37
Suppose -5*y + 19 = -16. Suppose -t + y - 1 = 0. Suppose x = -3*n + 3, 4*n + 67 = 5*x + t*n. What are the prime factors of x?
3, 5
Let v = -1 - -1. Suppose 2*l + v*l = 90. What are the prime factors of l?
3, 5
Let p(t) = t**2 - 9*t - 42. Let v be p(13). List the prime factors of 15/v*78/9.
13
Let z = 135 - 133. Suppose 14*m - 2*h = 18*m - 382, -4*h = z*m - 206. What are the prime factors of m?
3, 31
Let z(w) = -w**3 + 2*w**2 + w + 2. Let l be z(-3). Let o = -4 - l. What are the prime factors of (7 - 0)*o/(-28)?
2, 3
Suppose 2*a = 3*a. Suppose -4*g + 19 + 17 = a. Suppose -4*j = -4*s + 40, -3*s - 2*j - g = -54. List the prime factors of s.
13
List the prime factors of ((-1750)/21)/(4/(-12)).
2, 5
Suppose 0*w = -2*w + j + 739, 0 = -3*w + 3*j + 1116. List the prime factors of w.
367
Suppose 3*a + 3*p + 120 = 0, -4*p = -3*p - 2. Let k = a + 94. List the prime factors of k.
2, 13
What are the prime factors of (-37849)/21*(7 + -10)?
5407
Suppose -h + 5*a = 21, 3*h + 15 + 14 = -2*a. Let z be h*(0 + -5 - 2). Suppose 33 = 5*y - z. List the prime factors of y.
2, 11
Suppose -l + 5*d = -105, 2*d - 128 - 402 = -4*l. What are the prime factors of l?
2, 5, 13
Let l be (33/(-4))/(2/(-32)). Suppose -450 - l = -3*q. What are the prime factors of (-2)/(-3) - q/(-6)?
3, 11
Let o(l) be the third derivative of l**4/24 - 5*l**3/6 + 3*l**2. Let s be o(8). Suppose 0 = s*k - 81 + 6. List the prime factors of k.
5
Suppose -m + 20*k + 1680 = 22*k, 0 = 2*m + 2*k - 3360. What are the prime factors of m?
2, 3, 5, 7
Let n(z) = -z + 15. Let w be 1/(-6) - 19/(-6). Let u(a) = -a**3 + 4*a. Let m be u(w). List the prime factors of n(m).
2, 3, 5
Suppose -4*r + 7*r - 9 = 0. Suppose 0 = 2*b - r*b + 3*l + 4, -2*b + 8 = 2*l. Suppose -b*o + 2*m = -0*o - 42, 3*o - m - 34 = 0. What are the prime factors of o?
13
Let j = -9 - -19. Let o = j - 6. Suppose -o*p + 45 = q - 7, -4*p + q + 52 = 0. List the prime factors of p.
13
Let s = -549 - -1163. List the prime factors of s.
2, 307
List the prime factors of (1110/(-4))/(((-57)/(-6))/(-19)).
3, 5, 37
List the prime factors of (4/(-22) - 67825/(-55)) + -4.
1229
Let h(r) = 235*r + 351. List the prime factors of h(15).
2, 3, 17, 19
What are the prime factors of (-3378 + 44)*(-4 - (-1 - 2))?
2, 1667
Let l = -12 - -25. Let b = 16 - l. Suppose -c = -6*y + b*y - 8, -2*y = -6. What are the prime factors of c?
17
Suppose -4*l = -4*b - 120, 14*l - 15*l = -2*b - 27. What are the prime factors of l?
3, 11
Suppose -2*a - 5 = 5*r - 46, 0 = -4*a + r + 27. Let z(l) = l - 1. Let d be z(0). Let n = d + a. List the prime factors of n.
7
Let i(c) = -38*c + 577. What are the prime factors of i(0)?
577
Let c(f) = -4*f**3 - 18*f**2 - 9*f - 12. Let j be c(-12). Let z be j/40 + 2/(-5). Let i = z - 44. What are the prime factors of i?
2, 3, 11
Suppose -41*h + 24155 + 23487 = 0. List the prime factors of h.
2, 7, 83
Let r be ((-1)/2)/(3/(-324)). Let u be r*(3 + (-6)/4). Suppose 115 = 5*f + 5*i, -u = -3*f + i + 2*i. What 